{"id":44699,"date":"2026-04-14T13:33:09","date_gmt":"2026-04-14T16:33:09","guid":{"rendered":"https:\/\/panoramalavrense.com.br\/enciclopedia\/?page_id=44699"},"modified":"2026-04-14T13:33:09","modified_gmt":"2026-04-14T16:33:09","slug":"introducao","status":"publish","type":"page","link":"https:\/\/panoramalavrense.com.br\/enciclopedia\/introducao\/","title":{"rendered":"Introdu\u00e7\u00e3o"},"content":{"rendered":"<p>De origem grega, o termo <em>enciclop\u00e9dia<\/em> tem o significado de uma colet\u00e2nea de textos bastante numerosos, que visam descrever, da melhor maneira poss\u00edvel o estado atual do conhecimento humano. Pode ser geral (A a Z) ou de \u00e1reas espec\u00edficas (Enciclop\u00e9dia do Corpo Humano, Enciclop\u00e9dia da M\u00fasica, Enciclop\u00e9dia dos Munic\u00edpios Brasileiros, entre outros).<\/p>\n<p>\u00c9 diferente do dicion\u00e1rio em alguns aspectos: os verbetes (t\u00edtulos, artigos, palavras, etc.) s\u00e3o mais extensos e detalhados; apresenta mapas, gr\u00e1ficos, tabelas, fotos e outros elementos; tem um n\u00famero de p\u00e1ginas que muitas vezes \u00e9 maior que a do dicion\u00e1rio; e boa parte de seus verbetes s\u00e3o substantivos pr\u00f3prios.<\/p>\n<p>Atualmente, al\u00e9m das publica\u00e7\u00f5es impressas, os CD\u2019s, DVD\u2019s e, principalmente, a Internet, possibilitam um acesso mais din\u00e2mico e acess\u00edvel a obras enciclop\u00e9dicas, muitas delas colaborativas, como a Wikip\u00e9dia, onde o pr\u00f3prio usu\u00e1rio se cadastra gratuitamente e, de acordo com algumas regras, pode publicar ou atualizar artigos.<\/p>\n<p>Exemplos de enciclop\u00e9dias famosas: Barsa, Brittannica, Larousse, Delta, Mirador, Tudo, Encarta, Wikip\u00e9dia, Ilustrada do Estudante, \u00caxitus, Disney.<\/p>\n<p><strong>A ENCICLOP\u00c9DIA NOSSO MUNDO (ENM) E SUA MISS\u00c3O<\/strong><\/p>\n<p>Com o in\u00edcio de seu planejamento e desenvolvimento em 9 de dezembro de 2023, a miss\u00e3o da ENM, criada pelo ge\u00f3grafo e jornalista, ga\u00facho de Porto Alegre, Murilo de Carvalho G\u00f3es, \u00e9 levar o conhecimento b\u00e1sico e necess\u00e1rio para a compreens\u00e3o do mundo atual, deixando o legado de uma alternativa diferente e independente para o acesso de internautas, estudantes e pesquisadores.<\/p>\n<p>O projeto est\u00e1 \u00e0 disposi\u00e7\u00e3o para colabora\u00e7\u00f5es e contribui\u00e7\u00f5es dos pr\u00f3prios internautas e leitores. Deixamos bem claro que o lan\u00e7amento oficial da ENM n\u00e3o ser\u00e1 imediato, pois fazer uma enciclop\u00e9dia requer anos de pesquisa. Mas, com tranquilidade e aos poucos, vamos desenvolver o projeto.<\/p>\n<p><strong>METODOLOGIA<\/strong><\/p>\n<p>Pesquisa bibliogr\u00e1fica dos dados, atrav\u00e9s de p\u00e1ginas <em>web<\/em>, livros, banco de dados e estat\u00edsticas, tabelas, quadros, gr\u00e1ficos, an\u00e1lises de campo, obten\u00e7\u00e3o de fotos e reprodu\u00e7\u00e3o de imagens de sat\u00e9lite (como as do <em>software Google Earth Pro\u00a9)<\/em>. Outras fontes complementares (como jornais impressos, enciclop\u00e9dias, v\u00eddeos compartilhados na rede social <em>Youtube<\/em>\u00a9 e materiais interativos) poder\u00e3o ser inseridas ao longo do projeto. M\u00eddias eletr\u00f4nicas ser\u00e3o grandes aliadas (como os programa da Televis\u00e3o e materiais de DVD\u2019s, streaming e outros).<\/p>\n<p>Tamb\u00e9m, ser\u00e3o apresentados mapas tem\u00e1ticos, de produ\u00e7\u00e3o do Autor, atrav\u00e9s do <em>Software<\/em> de geoprocessamento<em> QGIS\u00a9<\/em> e de fontes de mapas livres.<\/p>\n<p><strong>COMPOSI\u00c7\u00c3O DA ENM<\/strong><\/p>\n<p>A ENM vai abranger os verbetes mais importantes encontrados nas enciclop\u00e9dias, em ordem rigorosamente alfab\u00e9tica. Em um primeiro momento, s\u00e3o estimados 1500 verbetes, podendo ser acrescidos mais ao longo dos tempos. Haver\u00e1 informa\u00e7\u00f5es de \u00e1reas como Anatomia, Zoologia, Geografia, Hist\u00f3ria, Cultura, Esportes, entre outras.<\/p>\n<p>Pretende-se tamb\u00e9m a constru\u00e7\u00e3o de um volume com dados sobre todos os pa\u00edses e territ\u00f3rios, al\u00e9m de estat\u00edsticas, atualidades e suplementos (a serem revelados aos poucos, ao longo dos tempos).<\/p>\n<p>Em breve, tamb\u00e9m, teremos a lista da bibliografia b\u00e1sica e mais informa\u00e7\u00f5es.<\/p>\n","protected":false},"excerpt":{"rendered":"<p>De origem grega, o termo enciclop\u00e9dia tem o significado de uma colet\u00e2nea de textos bastante numerosos, que visam descrever, da melhor maneira poss\u00edvel o estado atual do conhecimento humano. Pode ser geral (A a Z) ou de \u00e1reas espec\u00edficas (Enciclop\u00e9dia do Corpo Humano, Enciclop\u00e9dia da M\u00fasica, Enciclop\u00e9dia dos Munic\u00edpios Brasileiros, entre outros). \u00c9 diferente do<\/p>\n","protected":false},"author":8,"featured_media":0,"parent":0,"menu_order":0,"comment_status":"closed","ping_status":"closed","template":"","meta":{"footnotes":""},"class_list":["post-44699","page","type-page","status-publish"],"yoast_head":"<!-- This site is optimized with the Yoast SEO plugin v25.1 - https:\/\/yoast.com\/wordpress\/plugins\/seo\/ -->\n<title>Introdu\u00e7\u00e3o - Enciclop\u00e9dia Nosso Mundo<\/title>\n<meta name=\"robots\" content=\"index, follow, max-snippet:-1, max-image-preview:large, max-video-preview:-1\" \/>\n<link rel=\"canonical\" href=\"https:\/\/panoramalavrense.com.br\/enciclopedia\/introducao\/\" \/>\n<meta property=\"og:locale\" content=\"pt_BR\" \/>\n<meta property=\"og:type\" content=\"article\" \/>\n<meta property=\"og:title\" content=\"Introdu\u00e7\u00e3o - Enciclop\u00e9dia Nosso Mundo\" \/>\n<meta property=\"og:description\" content=\"De origem grega, o termo enciclop\u00e9dia tem o significado de uma colet\u00e2nea de textos bastante numerosos, que visam descrever, da melhor maneira poss\u00edvel o estado atual do conhecimento humano. Pode ser geral (A a Z) ou de \u00e1reas espec\u00edficas (Enciclop\u00e9dia do Corpo Humano, Enciclop\u00e9dia da M\u00fasica, Enciclop\u00e9dia dos Munic\u00edpios Brasileiros, entre outros). \u00c9 diferente do\" \/>\n<meta property=\"og:url\" content=\"https:\/\/panoramalavrense.com.br\/enciclopedia\/introducao\/\" \/>\n<meta property=\"og:site_name\" content=\"Enciclop\u00e9dia Nosso Mundo\" \/>\n<meta name=\"twitter:card\" content=\"summary_large_image\" \/>\n<meta name=\"twitter:label1\" content=\"Est. tempo de leitura\" \/>\n\t<meta name=\"twitter:data1\" content=\"3 minutos\" \/>\n<script type=\"application\/ld+json\" class=\"yoast-schema-graph\">{\"@context\":\"https:\/\/schema.org\",\"@graph\":[{\"@type\":\"WebPage\",\"@id\":\"https:\/\/panoramalavrense.com.br\/enciclopedia\/introducao\/\",\"url\":\"https:\/\/panoramalavrense.com.br\/enciclopedia\/introducao\/\",\"name\":\"Introdu\u00e7\u00e3o - Enciclop\u00e9dia Nosso Mundo\",\"isPartOf\":{\"@id\":\"https:\/\/panoramalavrense.com.br\/enciclopedia\/#website\"},\"datePublished\":\"2026-04-14T16:33:09+00:00\",\"breadcrumb\":{\"@id\":\"https:\/\/panoramalavrense.com.br\/enciclopedia\/introducao\/#breadcrumb\"},\"inLanguage\":\"pt-BR\",\"potentialAction\":[{\"@type\":\"ReadAction\",\"target\":[\"https:\/\/panoramalavrense.com.br\/enciclopedia\/introducao\/\"]}]},{\"@type\":\"BreadcrumbList\",\"@id\":\"https:\/\/panoramalavrense.com.br\/enciclopedia\/introducao\/#breadcrumb\",\"itemListElement\":[{\"@type\":\"ListItem\",\"position\":1,\"name\":\"In\u00edcio\",\"item\":\"https:\/\/panoramalavrense.com.br\/enciclopedia\/\"},{\"@type\":\"ListItem\",\"position\":2,\"name\":\"Introdu\u00e7\u00e3o\"}]},{\"@type\":\"WebSite\",\"@id\":\"https:\/\/panoramalavrense.com.br\/enciclopedia\/#website\",\"url\":\"https:\/\/panoramalavrense.com.br\/enciclopedia\/\",\"name\":\"Enciclop\u00e9dia Nosso Mundo\",\"description\":\"\",\"potentialAction\":[{\"@type\":\"SearchAction\",\"target\":{\"@type\":\"EntryPoint\",\"urlTemplate\":\"https:\/\/panoramalavrense.com.br\/enciclopedia\/?s={search_term_string}\"},\"query-input\":{\"@type\":\"PropertyValueSpecification\",\"valueRequired\":true,\"valueName\":\"search_term_string\"}}],\"inLanguage\":\"pt-BR\"}]}<\/script>\n<!-- \/ Yoast SEO plugin. -->","yoast_head_json":{"title":"Introdu\u00e7\u00e3o - Enciclop\u00e9dia Nosso Mundo","robots":{"index":"index","follow":"follow","max-snippet":"max-snippet:-1","max-image-preview":"max-image-preview:large","max-video-preview":"max-video-preview:-1"},"canonical":"https:\/\/panoramalavrense.com.br\/enciclopedia\/introducao\/","og_locale":"pt_BR","og_type":"article","og_title":"Introdu\u00e7\u00e3o - Enciclop\u00e9dia Nosso Mundo","og_description":"De origem grega, o termo enciclop\u00e9dia tem o significado de uma colet\u00e2nea de textos bastante numerosos, que visam descrever, da melhor maneira poss\u00edvel o estado atual do conhecimento humano. Pode ser geral (A a Z) ou de \u00e1reas espec\u00edficas (Enciclop\u00e9dia do Corpo Humano, Enciclop\u00e9dia da M\u00fasica, Enciclop\u00e9dia dos Munic\u00edpios Brasileiros, entre outros). \u00c9 diferente do","og_url":"https:\/\/panoramalavrense.com.br\/enciclopedia\/introducao\/","og_site_name":"Enciclop\u00e9dia Nosso Mundo","twitter_card":"summary_large_image","twitter_misc":{"Est. tempo de leitura":"3 minutos"},"schema":{"@context":"https:\/\/schema.org","@graph":[{"@type":"WebPage","@id":"https:\/\/panoramalavrense.com.br\/enciclopedia\/introducao\/","url":"https:\/\/panoramalavrense.com.br\/enciclopedia\/introducao\/","name":"Introdu\u00e7\u00e3o - Enciclop\u00e9dia Nosso Mundo","isPartOf":{"@id":"https:\/\/panoramalavrense.com.br\/enciclopedia\/#website"},"datePublished":"2026-04-14T16:33:09+00:00","breadcrumb":{"@id":"https:\/\/panoramalavrense.com.br\/enciclopedia\/introducao\/#breadcrumb"},"inLanguage":"pt-BR","potentialAction":[{"@type":"ReadAction","target":["https:\/\/panoramalavrense.com.br\/enciclopedia\/introducao\/"]}]},{"@type":"BreadcrumbList","@id":"https:\/\/panoramalavrense.com.br\/enciclopedia\/introducao\/#breadcrumb","itemListElement":[{"@type":"ListItem","position":1,"name":"In\u00edcio","item":"https:\/\/panoramalavrense.com.br\/enciclopedia\/"},{"@type":"ListItem","position":2,"name":"Introdu\u00e7\u00e3o"}]},{"@type":"WebSite","@id":"https:\/\/panoramalavrense.com.br\/enciclopedia\/#website","url":"https:\/\/panoramalavrense.com.br\/enciclopedia\/","name":"Enciclop\u00e9dia Nosso Mundo","description":"","potentialAction":[{"@type":"SearchAction","target":{"@type":"EntryPoint","urlTemplate":"https:\/\/panoramalavrense.com.br\/enciclopedia\/?s={search_term_string}"},"query-input":{"@type":"PropertyValueSpecification","valueRequired":true,"valueName":"search_term_string"}}],"inLanguage":"pt-BR"}]}},"_links":{"self":[{"href":"https:\/\/panoramalavrense.com.br\/enciclopedia\/wp-json\/wp\/v2\/pages\/44699","targetHints":{"allow":["GET"]}}],"collection":[{"href":"https:\/\/panoramalavrense.com.br\/enciclopedia\/wp-json\/wp\/v2\/pages"}],"about":[{"href":"https:\/\/panoramalavrense.com.br\/enciclopedia\/wp-json\/wp\/v2\/types\/page"}],"author":[{"embeddable":true,"href":"https:\/\/panoramalavrense.com.br\/enciclopedia\/wp-json\/wp\/v2\/users\/8"}],"replies":[{"embeddable":true,"href":"https:\/\/panoramalavrense.com.br\/enciclopedia\/wp-json\/wp\/v2\/comments?post=44699"}],"version-history":[{"count":1,"href":"https:\/\/panoramalavrense.com.br\/enciclopedia\/wp-json\/wp\/v2\/pages\/44699\/revisions"}],"predecessor-version":[{"id":44700,"href":"https:\/\/panoramalavrense.com.br\/enciclopedia\/wp-json\/wp\/v2\/pages\/44699\/revisions\/44700"}],"wp:attachment":[{"href":"https:\/\/panoramalavrense.com.br\/enciclopedia\/wp-json\/wp\/v2\/media?parent=44699"}],"curies":[{"name":"wp","href":"https:\/\/api.w.org\/{rel}","templated":true}]}}